se 7, what is 2014 + 10?
2024
In base 4, what is -12 - 32?
-110
In base 12, what is 99 - 0?
99
In base 13, what is 2 + -364?
-362
In base 8, what is 20 + -6?
12
In base 3, what is -10 - -22012?
22002
In base 3, what is 22120 + -11?
22102
In base 12, what is -8b - 1a?
-a9
In base 14, what is -5b + -c7?
-144
In base 10, what is 36 + 517?
553
In base 7, what is -34 + 15?
-16
In base 4, what is -202 + -21?
-223
In base 7, what is 32 + 11?
43
In base 4, what is 3322 - -2?
3330
In base 8, what is 4 + -34?
-30
In base 7, what is 1 + 206?
210
In base 13, what is -5 + -2c?
-34
In base 14, what is -3 - -279?
276
In base 15, what is 60ae - 0?
60ae
In base 16, what is 178 + -5?
173
In base 15, what is 5 - -347?
34c
In base 13, what is 0 - 8a?
-8a
In base 10, what is -706 - -2?
-704
In base 9, what is -12 + 43?
31
In base 5, what is -11 - -4?
-2
In base 6, what is 2 - 42?
-40
In base 9, what is -5 - 183?
-188
In base 10, what is 2 + 91?
93
In base 11, what is 1 + 52?
53
In base 13, what is -2 + -1a03?
-1a05
In base 14, what is 13 + -1?
12
In base 4, what is 1022 - -1133?
2221
In base 8, what is -6 + 244?
236
In base 8, what is -2575 + -1?
-2576
In base 15, what is 94a + -3?
947
In base 4, what is -221311 - -2?
-221303
In base 13, what is 17b1c - -4?
17b23
In base 9, what is 10 - -206?
216
In base 7, what is -3336 + 5?
-3331
In base 8, what is 121 - -4?
125
In base 16, what is 498 + -3?
495
In base 10, what is -11 + -15?
-26
In base 4, what is 3 + -1003210?
-1003201
In base 13, what is -76c - 0?
-76c
In base 6, what is 15232 + 5?
15241
In base 12, what is -6 + 24?
1a
In base 4, what is -12 - -3?
-3
In base 8, what is 244 + -5?
237
In base 14, what is -494 - -3?
-491
In base 11, what is 97 - 4?
93
In base 10, what is 193 + -1?
192
In base 12, what is -5 - 44?
-49
In base 12, what is -2197 + 5?
-2192
In base 14, what is 0 - -2b1?
2b1
In base 12, what is b - -10b?
11a
In base 3, what is -1 + 1210220?
1210212
In base 12, what is -b9 - -14?
-a5
In base 7, what is -4 + 121?
114
In base 8, what is 67 - 46?
21
In base 7, what is -1 + 11?
10
In base 6, what is -12235 - -5?
-12230
In base 6, what is 44 - 3?
41
In base 2, what is 100 + 11111?
100011
In base 5, what is 142 - 132?
10
In base 6, what is 5505 + -2?
5503
In base 14, what is 3 - -303?
306
In base 6, what is 551 - 5?
542
In base 14, what is 36 - -5?
3b
In base 16, what is 2 - -1c?
1e
In base 3, what is -1 + 11102100?
11102022
In base 2, what is -11 - 1101001011?
-1101001110
In base 16, what is 1 - 1195?
-1194
In base 9, what is 40 - 3?
36
In base 9, what is 123 + 3?
126
In base 16, what is -14 - 5?
-19
In base 9, what is 28 - 132?
-103
In base 16, what is fae + 2?
fb0
In base 2, what is -101001011 + 101?
-101000110
In base 9, what is -51 - 17?
-68
In base 6, what is -3405 + -3?
-3412
In base 14, what is 1438 + -1?
1437
In base 13, what is -3 + -74?
-77
In base 12, what is -3 - -2a?
27
In base 13, what is b - 59?
-4b
In base 3, what is 202 + 112?
1021
In base 7, what is 0 - 1133?
-1133
In base 13, what is 30 + 19?
49
In base 12, what is 5 - -2274?
2279
In base 14, what is 28 - -145?
16d
In base 14, what is -3 - 254?
-257
In base 10, what is 9 + -20?
-11
In base 2, what is 0 + -10001101?
-10001101
In base 12, what is a - 14?
-6
In base 2, what is 11 - -100010111?
100011010
In base 4, what is -31322 - 10?
-31332
In base 13, what is 5 - -70?
75
In base 11, what is -202 - 1?
-203
In base 11, what is -4 - 3851?
-3855
In base 12, what is -102 + 2?
-100
In base 4, what is 102 + 1030?
1132
In base 10, what is -9 - -48?
39
In base 5, what is -4423 - -1?
-4422
In base 16, what is -19 + -9?
-22
In base 5, what is 1433 + -3?
1430
In base 7, what is -164 + 12?
-152
In base 7, what is 264 + -15?
246
In base 5, what is 0 + 110?
110
In base 6, what is 12 - 21?
-5
In base 7, what is 1026 + 2?
1031
In base 10, what is -83 + -13?
-96
In base 7, what is -26 - 10?
-36
In base 11, what is 5 - 1463?
-1459
In base 8, what is 17 + -53?
-34
In base 4, what is 103 - -2301?
3010
In base 9, what is 21 + 87?
118
In base 12, what is 34 - -6?
3a
In base 3, what is -10 + 220212?
220202
In base 5, what is 330 - -1?
331
In base 13, what is -604 - 5?
-609
In base 10, what is 2 + -38?
-36
In base 4, what is -230030 - -10?
-230020
In base 13, what is 605 + -7?
5cb
In base 5, what is 1331232 - -10?
1331242
In base 4, what is 13 - -1031?
1110
In base 9, what is -1 - -60?
58
In base 3, what is -20000 - -11?
-12212
In base 5, what is -120 - 10?
-130
In base 10, what is -6 + 724?
718
In base 16, what is 8 - 628?
-620
In base 4, what is -1332 + 120?
-1212
In base 16, what is a - -229?
233
In base 3, what is 10 - 10010?
-10000
In base 4, what is -21310 + 11?
-21233
In base 7, what is 14630 + -2?
14625
In base 16, what is -2 + -230?
-232
In base 11, what is 1 + -836?
-835
In base 8, what is 43623 + -2?
43621
In base 7, what is 5 - -1025?
1033
In base 11, what is 3 - -555?
558
In base 11, what is 5 + -2?
3
In base 12, what is -2 - 5?
-7
In base 4, what is -302033 - 0?
-302033
In base 10, what is 4 + 1689?
1693
In base 12, what is 1a + -48?
-2a
In base 14, what is 1 + 8a6?
8a7
In base 13, what is -2 + 1b5?
1b3
In base 15, what is -10e - -77?
-87
In base 14, what is 629 - 2?
627
In base 11, what is -495 + 5?
-490
In base 9, what is -1763 - 1?
-1764
In base 7, what is -3 + 215?
212
In base 6, what is -50 - 1254?
-1344
In base 8, what is -3 - 4170?
-4173
In base 8, what is -151 - -2?
-147
In base 12, what is 2 + -460?
-45a
In base 2, what is -101000111 + -101?
-101001100
In base 7, what is 2 + -52?
-50
In base 10, what is 4646 - 2?
4644
In base 7, what is 63 + -20?
43
In base 14, what is 0 + 35b?
35b
In base 5, what is -302 + 10?
-242
In base 5, what is -2031413 + 1?
-2031412
In base 11, what is -1 - 113?
-114
In base 12, what is -11 - -72a?
719
In base 14, what is -5 + -1463?
-1468
In base 11, what is -287 + 5?
-282
In base 14, what is 5c - -b?
69
In base 15, what is 161d + 4?
1622
In base 4, what is 2 + 3?
11
In base 16, what is -9 - 65?
-6e
In base 4, what is 0 - -10?
10
In base 9, what is -53 - -54?
1
In base 15, what is 1a + -5?
15
In base 2, what is -10111 - 11101?
-110100
In base 4, what is 11 + 1001033?
1001110
In base 8, what is -556 + -2?
-560
In base 14, what is -40d6 + -4?
-40da
In base 4, what is -122 + 10?
-112
In base 15, what is a + -3?
7
In base 11, what is 31 + -19?
13
In base 16, what is 9 - 199?
-190
In base 3, what is 20001101 + -2?
20001022
In base 15, what is -d7 + 5?
-d2
In base 4, what is 2 + -3110?
-3102
In base 14, what is 4 - -367?
36b
In base 2, what is 10 + 11101111?
11110001
In base 8, what is 4 + 116?
122
In base 11, what is 54a + 4?
553
In base 10, what is -141 + -31?
-172
In base 15, what is -15a7 - 0?
-15a7
In base 13, what is b + 136?
144
In base 7, what is 3 - 10411?
-10405
In base 2, what is 110000 + 10111?
1000111
In base 9, what is 3 - 120?
-116
In base 6, what is 41 - 142?
-101
In base 6, what is -4 - 10233?
-10241
In base 2, what is 100101010001111 - -1?
100101010010000
In base 7, what is -3 + -153?
-156
In base 9, what is -1 + 6?
5
In base 14, what is -1d477 + 4?
-1d473
In base 4, what is 1 - -13?
20
In base 13, what is 37 - 86?
-4c
In base 13, what is -9 + 10?
4
In base 10, what is -113 + 0?
-113
In base 13, what is -2 - -15?
13
In base 11, what is 308 - 4?
304
In base 5, what is -2 + 103?
101
In base 11, what is -5638 - 2?
-563a
In base 4, what is 13110 - 0?
13110
In base 12, what is 3 - 13?
-10
In base 3, what is 11 + -2021?
-2010
In base 5, what is -123032 - 10?
-123042
In base 16, what is 2 - -287?
289
In base 15, what is e8 - -2?
ea
In base 10, what is -63 - 43?
-106
In base 4, what is -2033 + 21?
-2012
In base 3, what is -102 - -11?
-21
In base 5, what is 3 - 101322?
-101314
In base 5, what is 22 + 14?
41
In base 6, what is -232 - 1?
-233
In base 15, what is 37 - -b?
43
In base 8, what is -3 - -62?
57
In base 11, what is 29 + -14?
15
In base 11, what is -121 + 5?
-117
In base 9, what is 3 + 73?
76
In base 3, what is -2020 - -10?
-2010
In base 10, what is 3064 + 3?
3067
In base 8, what is -16 + -450?
-466
In base 15, what is -10630 + -2?
-10632
In base 4, what is -20 + -23?
-103
In base 4, what is -1 + -132?
-133
In base 9, what is -5 + 401?
385
In base 15, what is -1e2 - 1?
-1e3
In base 15, what is -4 + -